Dec 01 12:45:29.119 INFO testing kekonen/crypto_store against master#8940af3cea4a9a9deabcaf843b2f8cad9a83fc61 for beta-1.31-5
Dec 01 12:45:29.120 INFO running `"docker" "create" "-v" "/mnt/big/crater/work/local/target-dirs/beta-1.31-5/worker-5/master#8940af3cea4a9a9deabcaf843b2f8cad9a83fc61:/target:rw,Z" "-v" "/mnt/big/crater/work/local/test-source/worker-5/beta-1.31-5/master#8940af3cea4a9a9deabcaf843b2f8cad9a83fc61:/source:ro,Z" "-v" "/mnt/big/crater/work/local/cargo-home:/cargo-home:ro,Z" "-v" "/mnt/big/crater/work/local/rustup-home:/rustup-home:ro,Z" "-e" "USER_ID=1000" "-e" "SOURCE_DIR=/source" "-e" "USER_ID=1000" "-e" "CMD=cargo +8940af3cea4a9a9deabcaf843b2f8cad9a83fc61-alt build --frozen" "-e" "CARGO_TARGET_DIR=/target" "-e" "CARGO_INCREMENTAL=0" "-e" "RUST_BACKTRACE=full" "-e" "RUSTFLAGS=--cap-lints=warn" "-e" "CARGO_HOME=/cargo-home" "-e" "RUSTUP_HOME=/rustup-home" "-m" "1536M" "--network" "none" "crater"`
Dec 01 12:45:29.595 INFO [stdout] b669f966388ec85df7ea447791aa795a2e95dc127a1c3ac0fc1e0d60d19f6d31
Dec 01 12:45:29.596 INFO running `"docker" "start" "-a" "b669f966388ec85df7ea447791aa795a2e95dc127a1c3ac0fc1e0d60d19f6d31"`
Dec 01 12:45:30.528 INFO [stderr] usermod: no changes
Dec 01 12:45:30.775 INFO [stderr]    Compiling pear_codegen v0.0.20
Dec 01 12:45:30.775 INFO [stderr]    Compiling rocket v0.3.17
Dec 01 12:45:30.787 INFO [stderr]    Compiling rocket_codegen v0.3.17
Dec 01 12:45:30.787 INFO [stderr]    Compiling syn v0.15.12
Dec 01 12:45:30.787 INFO [stderr]    Compiling rayon v0.7.1
Dec 01 12:45:31.135 INFO [stderr] error: failed to run custom build command for `rocket v0.3.17`
Dec 01 12:45:31.135 INFO [stderr] process didn't exit successfully: `/target/debug/build/rocket-6877f3be50dcc505/build-script-build` (exit code: 101)
Dec 01 12:45:31.135 INFO [stderr] --- stderr
Dec 01 12:45:31.135 INFO [stderr] [1;31mError:[0m [37mRocket requires a nightly or dev version of Rust.[0m
Dec 01 12:45:31.135 INFO [stderr] [37mInstalled version is:[0m [33m1.31.0-beta.20 (2018-11-30)[0m. [37mMinimum required:[0m [33m1.27.0-nightly (2018-04-26)[0m.
Dec 01 12:45:31.135 INFO [stderr] [34mSee the getting started guide ([0m[37mhttps://rocket.rs/guide/getting-started/[0m[34m) for more information.[0m
Dec 01 12:45:31.135 INFO [stderr] thread 'main' panicked at 'Aborting compilation due to incompatible compiler.', /cargo-home/registry/src/github.com-1ecc6299db9ec823/rocket-0.3.17/build.rs:38:13
Dec 01 12:45:31.135 INFO [stderr] stack backtrace:
Dec 01 12:45:31.135 INFO [stderr]    0:     0x56128a1ef4bf - std::sys::unix::backtrace::tracing::imp::unwind_backtrace::h3a8b83e1922cbdde
Dec 01 12:45:31.135 INFO [stderr]                                at libstd/sys/unix/backtrace/tracing/gcc_s.rs:49
Dec 01 12:45:31.135 INFO [stderr]    1:     0x56128a1fae97 - std::sys_common::backtrace::print::h00d3155a29b4020f
Dec 01 12:45:31.135 INFO [stderr]                                at libstd/sys_common/backtrace.rs:71
Dec 01 12:45:31.135 INFO [stderr]                                at libstd/sys_common/backtrace.rs:59
Dec 01 12:45:31.135 INFO [stderr]    2:     0x56128a1f3d5f - std::panicking::default_hook::{{closure}}::hd7465c742e79e1bb
Dec 01 12:45:31.135 INFO [stderr]                                at libstd/panicking.rs:211
Dec 01 12:45:31.135 INFO [stderr]    3:     0x56128a1f3ac4 - std::panicking::default_hook::h9e3966f2aa2a6e12
Dec 01 12:45:31.135 INFO [stderr]                                at libstd/panicking.rs:227
Dec 01 12:45:31.135 INFO [stderr]    4:     0x56128a1f438e - std::panicking::rust_panic_with_hook::h587f091ae747d080
Dec 01 12:45:31.135 INFO [stderr]                                at libstd/panicking.rs:476
Dec 01 12:45:31.135 INFO [stderr]    5:     0x56128a1c5ef3 - std::panicking::begin_panic::h23eecaef6526ec18
Dec 01 12:45:31.135 INFO [stderr]                                at libstd/panicking.rs:410
Dec 01 12:45:31.135 INFO [stderr]    6:     0x56128a1c3fb5 - build_script_build::main::hf4a58592e5df52f0
Dec 01 12:45:31.135 INFO [stderr]                                at /cargo-home/registry/src/github.com-1ecc6299db9ec823/rocket-0.3.17/build.rs:38
Dec 01 12:45:31.135 INFO [stderr]    7:     0x56128a1c67df - std::rt::lang_start::{{closure}}::hfed5074a970f8a15
Dec 01 12:45:31.135 INFO [stderr]                                at libstd/rt.rs:74
Dec 01 12:45:31.135 INFO [stderr]    8:     0x56128a1f3e02 - std::panicking::try::do_call::h52e7f80ff0fdcc45
Dec 01 12:45:31.135 INFO [stderr]                                at libstd/rt.rs:59
Dec 01 12:45:31.135 INFO [stderr]                                at libstd/panicking.rs:310
Dec 01 12:45:31.135 INFO [stderr]    9:     0x56128a205e49 - __rust_maybe_catch_panic
Dec 01 12:45:31.135 INFO [stderr]                                at libpanic_unwind/lib.rs:102
Dec 01 12:45:31.135 INFO [stderr]   10:     0x56128a1e3b1a - std::rt::lang_start_internal::h38cae898de7f805c
Dec 01 12:45:31.135 INFO [stderr]                                at libstd/panicking.rs:289
Dec 01 12:45:31.135 INFO [stderr]                                at libstd/panic.rs:392
Dec 01 12:45:31.135 INFO [stderr]                                at libstd/rt.rs:58
Dec 01 12:45:31.135 INFO [stderr]   11:     0x56128a1c67b8 - std::rt::lang_start::h646c4981e0fa06cc
Dec 01 12:45:31.135 INFO [stderr]                                at libstd/rt.rs:74
Dec 01 12:45:31.135 INFO [stderr]   12:     0x56128a1c4e89 - main
Dec 01 12:45:31.135 INFO [stderr]   13:     0x7ff78c37682f - __libc_start_main
Dec 01 12:45:31.135 INFO [stderr]   14:     0x56128a1c3658 - _start
Dec 01 12:45:31.135 INFO [stderr]   15:                0x0 - <unknown>
Dec 01 12:45:31.135 INFO [stderr] 
Dec 01 12:45:31.135 INFO [stderr] warning: build failed, waiting for other jobs to finish...
Dec 01 12:45:31.139 INFO [stderr] error: failed to run custom build command for `rocket_codegen v0.3.17`
Dec 01 12:45:31.139 INFO [stderr] process didn't exit successfully: `/target/debug/build/rocket_codegen-3a54d251231151b7/build-script-build` (exit code: 101)
Dec 01 12:45:31.139 INFO [stderr] --- stderr
Dec 01 12:45:31.139 INFO [stderr] [1;31mError:[0m [37mRocket requires a nightly or dev version of Rust.[0m
Dec 01 12:45:31.139 INFO [stderr] [37mInstalled version is:[0m [33m1.31.0-beta.20 (2018-11-30)[0m. [37mMinimum required:[0m [33m1.30.0-nightly (2018-08-23)[0m.
Dec 01 12:45:31.139 INFO [stderr] [34mSee the getting started guide ([0m[37mhttps://rocket.rs/guide/getting-started/[0m[34m) for more information.[0m
Dec 01 12:45:31.139 INFO [stderr] thread 'main' panicked at 'Aborting compilation due to incompatible compiler.', /cargo-home/registry/src/github.com-1ecc6299db9ec823/rocket_codegen-0.3.17/build.rs:38:17
Dec 01 12:45:31.139 INFO [stderr] stack backtrace:
Dec 01 12:45:31.139 INFO [stderr]    0:     0x5608d25514af - std::sys::unix::backtrace::tracing::imp::unwind_backtrace::h3a8b83e1922cbdde
Dec 01 12:45:31.139 INFO [stderr]                                at libstd/sys/unix/backtrace/tracing/gcc_s.rs:49
Dec 01 12:45:31.139 INFO [stderr]    1:     0x5608d255ce87 - std::sys_common::backtrace::print::h00d3155a29b4020f
Dec 01 12:45:31.139 INFO [stderr]                                at libstd/sys_common/backtrace.rs:71
Dec 01 12:45:31.139 INFO [stderr]                                at libstd/sys_common/backtrace.rs:59
Dec 01 12:45:31.139 INFO [stderr]    2:     0x5608d2555d4f - std::panicking::default_hook::{{closure}}::hd7465c742e79e1bb
Dec 01 12:45:31.139 INFO [stderr]                                at libstd/panicking.rs:211
Dec 01 12:45:31.139 INFO [stderr]    3:     0x5608d2555ab4 - std::panicking::default_hook::h9e3966f2aa2a6e12
Dec 01 12:45:31.139 INFO [stderr]                                at libstd/panicking.rs:227
Dec 01 12:45:31.139 INFO [stderr]    4:     0x5608d255637e - std::panicking::rust_panic_with_hook::h587f091ae747d080
Dec 01 12:45:31.139 INFO [stderr]                                at libstd/panicking.rs:476
Dec 01 12:45:31.139 INFO [stderr]    5:     0x5608d2527ee3 - std::panicking::begin_panic::h3cdb33aadd4ba46c
Dec 01 12:45:31.139 INFO [stderr]                                at libstd/panicking.rs:410
Dec 01 12:45:31.139 INFO [stderr]    6:     0x5608d2525fb4 - build_script_build::main::hf707b40a95e32645
Dec 01 12:45:31.139 INFO [stderr]                                at /cargo-home/registry/src/github.com-1ecc6299db9ec823/rocket_codegen-0.3.17/build.rs:38
Dec 01 12:45:31.139 INFO [stderr]    7:     0x5608d25287cf - std::rt::lang_start::{{closure}}::h6448f073247729bf
Dec 01 12:45:31.139 INFO [stderr]                                at libstd/rt.rs:74
Dec 01 12:45:31.139 INFO [stderr]    8:     0x5608d2555df2 - std::panicking::try::do_call::h52e7f80ff0fdcc45
Dec 01 12:45:31.139 INFO [stderr]                                at libstd/rt.rs:59
Dec 01 12:45:31.139 INFO [stderr]                                at libstd/panicking.rs:310
Dec 01 12:45:31.139 INFO [stderr]    9:     0x5608d2567e39 - __rust_maybe_catch_panic
Dec 01 12:45:31.139 INFO [stderr]                                at libpanic_unwind/lib.rs:102
Dec 01 12:45:31.139 INFO [stderr]   10:     0x5608d2545b0a - std::rt::lang_start_internal::h38cae898de7f805c
Dec 01 12:45:31.139 INFO [stderr]                                at libstd/panicking.rs:289
Dec 01 12:45:31.139 INFO [stderr]                                at libstd/panic.rs:392
Dec 01 12:45:31.139 INFO [stderr]                                at libstd/rt.rs:58
Dec 01 12:45:31.139 INFO [stderr]   11:     0x5608d25287a8 - std::rt::lang_start::h3a7d4f3d64909f8d
Dec 01 12:45:31.139 INFO [stderr]                                at libstd/rt.rs:74
Dec 01 12:45:31.139 INFO [stderr]   12:     0x5608d2526e79 - main
Dec 01 12:45:31.139 INFO [stderr]   13:     0x7f56decf882f - __libc_start_main
Dec 01 12:45:31.139 INFO [stderr]   14:     0x5608d2525658 - _start
Dec 01 12:45:31.139 INFO [stderr]   15:                0x0 - <unknown>
Dec 01 12:45:31.139 INFO [stderr] 
Dec 01 12:45:31.139 INFO [stderr] warning: build failed, waiting for other jobs to finish...
Dec 01 12:45:31.201 INFO [stderr] error: failed to run custom build command for `pear_codegen v0.0.20`
Dec 01 12:45:31.201 INFO [stderr] process didn't exit successfully: `/target/debug/build/pear_codegen-545f8475d142af57/build-script-build` (exit code: 101)
Dec 01 12:45:31.201 INFO [stderr] --- stderr
Dec 01 12:45:31.201 INFO [stderr] [1;31mError:[0m [37mPear requires a nightly or dev version of Rust.[0m
Dec 01 12:45:31.201 INFO [stderr] [37mInstalled version is:[0m [33m1.31.0-beta.20 (2018-11-30)[0m. [37mMinimum required:[0m [33m1.30.0-nightly (2018-08-23)[0m.
Dec 01 12:45:31.201 INFO [stderr] thread 'main' panicked at 'Aborting compilation due to incompatible compiler.', /cargo-home/registry/src/github.com-1ecc6299db9ec823/pear_codegen-0.0.20/build.rs:31:13
Dec 01 12:45:31.201 INFO [stderr] stack backtrace:
Dec 01 12:45:31.201 INFO [stderr]    0:     0x55e707e0827f - std::sys::unix::backtrace::tracing::imp::unwind_backtrace::h3a8b83e1922cbdde
Dec 01 12:45:31.201 INFO [stderr]                                at libstd/sys/unix/backtrace/tracing/gcc_s.rs:49
Dec 01 12:45:31.201 INFO [stderr]    1:     0x55e707e13c57 - std::sys_common::backtrace::print::h00d3155a29b4020f
Dec 01 12:45:31.201 INFO [stderr]                                at libstd/sys_common/backtrace.rs:71
Dec 01 12:45:31.201 INFO [stderr]                                at libstd/sys_common/backtrace.rs:59
Dec 01 12:45:31.201 INFO [stderr]    2:     0x55e707e0cb1f - std::panicking::default_hook::{{closure}}::hd7465c742e79e1bb
Dec 01 12:45:31.201 INFO [stderr]                                at libstd/panicking.rs:211
Dec 01 12:45:31.201 INFO [stderr]    3:     0x55e707e0c884 - std::panicking::default_hook::h9e3966f2aa2a6e12
Dec 01 12:45:31.201 INFO [stderr]                                at libstd/panicking.rs:227
Dec 01 12:45:31.201 INFO [stderr]    4:     0x55e707e0d14e - std::panicking::rust_panic_with_hook::h587f091ae747d080
Dec 01 12:45:31.201 INFO [stderr]                                at libstd/panicking.rs:476
Dec 01 12:45:31.201 INFO [stderr]    5:     0x55e707ddecb3 - std::panicking::begin_panic::h4e3730271beb8b92
Dec 01 12:45:31.201 INFO [stderr]                                at libstd/panicking.rs:410
Dec 01 12:45:31.201 INFO [stderr]    6:     0x55e707ddcd78 - build_script_build::main::hd397855388fb565b
Dec 01 12:45:31.201 INFO [stderr]                                at /cargo-home/registry/src/github.com-1ecc6299db9ec823/pear_codegen-0.0.20/build.rs:31
Dec 01 12:45:31.201 INFO [stderr]    7:     0x55e707ddf59f - std::rt::lang_start::{{closure}}::h7b3193c265bb446b
Dec 01 12:45:31.201 INFO [stderr]                                at libstd/rt.rs:74
Dec 01 12:45:31.201 INFO [stderr]    8:     0x55e707e0cbc2 - std::panicking::try::do_call::h52e7f80ff0fdcc45
Dec 01 12:45:31.201 INFO [stderr]                                at libstd/rt.rs:59
Dec 01 12:45:31.201 INFO [stderr]                                at libstd/panicking.rs:310
Dec 01 12:45:31.201 INFO [stderr]    9:     0x55e707e1ec09 - __rust_maybe_catch_panic
Dec 01 12:45:31.201 INFO [stderr]                                at libpanic_unwind/lib.rs:102
Dec 01 12:45:31.201 INFO [stderr]   10:     0x55e707dfc8da - std::rt::lang_start_internal::h38cae898de7f805c
Dec 01 12:45:31.201 INFO [stderr]                                at libstd/panicking.rs:289
Dec 01 12:45:31.201 INFO [stderr]                                at libstd/panic.rs:392
Dec 01 12:45:31.201 INFO [stderr]                                at libstd/rt.rs:58
Dec 01 12:45:31.201 INFO [stderr]   11:     0x55e707ddf578 - std::rt::lang_start::h40513075cbc2edc4
Dec 01 12:45:31.201 INFO [stderr]                                at libstd/rt.rs:74
Dec 01 12:45:31.201 INFO [stderr]   12:     0x55e707dddc49 - main
Dec 01 12:45:31.201 INFO [stderr]   13:     0x7f0f2f74e82f - __libc_start_main
Dec 01 12:45:31.201 INFO [stderr]   14:     0x55e707ddc658 - _start
Dec 01 12:45:31.201 INFO [stderr]   15:                0x0 - <unknown>
Dec 01 12:45:31.201 INFO [stderr] 
Dec 01 12:45:31.201 INFO [stderr] warning: build failed, waiting for other jobs to finish...
Dec 01 12:45:43.047 INFO [stderr] error: build failed
Dec 01 12:45:43.059 INFO [stderr] su: No module specific data is present
Dec 01 12:45:44.326 INFO running `"docker" "inspect" "b669f966388ec85df7ea447791aa795a2e95dc127a1c3ac0fc1e0d60d19f6d31"`
Dec 01 12:45:44.675 INFO running `"docker" "rm" "-f" "b669f966388ec85df7ea447791aa795a2e95dc127a1c3ac0fc1e0d60d19f6d31"`
Dec 01 12:45:45.063 INFO [stdout] b669f966388ec85df7ea447791aa795a2e95dc127a1c3ac0fc1e0d60d19f6d31
